264
Calculate the greatest common factor of 140550 and 150.
150
What is the highest common divisor of 10 and 4610440?
10
Calculate the greatest common factor of 2343 and 30246.
213
What is the highest common factor of 1924227 and 423?
423
What is the greatest common divisor of 387372 and 342?
114
What is the highest common factor of 21730 and 15?
5
Calculate the highest common factor of 700 and 21770.
70
Calculate the greatest common divisor of 62181 and 441.
441
Calculate the greatest common factor of 636 and 18603.
159
Calculate the greatest common divisor of 41424 and 1968.
48
Calculate the greatest common factor of 1568 and 8134.
98
What is the greatest common factor of 42613 and 6937?
991
Calculate the greatest common divisor of 77861 and 1715.
343
What is the greatest common factor of 267 and 197491?
89
Calculate the greatest common factor of 1425 and 2584.
19
Calculate the greatest common factor of 1743 and 11454.
249
What is the greatest common factor of 100398 and 2262?
174
What is the highest common divisor of 1564 and 11628?
68
Calculate the highest common factor of 2220 and 162171.
111
Calculate the highest common factor of 252 and 39753.
63
Calculate the greatest common factor of 634847 and 19.
19
What is the greatest common factor of 119 and 3164?
7
What is the greatest common divisor of 1036048 and 476?
68
What is the highest common divisor of 1163949 and 82?
41
Calculate the highest common divisor of 1742 and 6136.
26
Calculate the highest common factor of 938 and 36526.
14
What is the highest common factor of 6500 and 375?
125
What is the greatest common divisor of 4460 and 1420?
20
What is the highest common divisor of 6846 and 3246?
6
What is the greatest common divisor of 384 and 12000?
96
What is the greatest common factor of 204 and 10644?
12
What is the highest common divisor of 807205 and 28?
7
Calculate the greatest common factor of 152 and 30647.
19
What is the greatest common factor of 21037 and 772?
193
Calculate the greatest common factor of 144 and 3474.
18
Calculate the highest common divisor of 112677 and 213.
213
Calculate the highest common factor of 2 and 27866.
2
What is the highest common divisor of 156 and 81900?
156
What is the highest common divisor of 88044 and 10788?
348
Calculate the greatest common factor of 9408 and 30408.
168
What is the highest common divisor of 1397 and 435991?
127
Calculate the highest common factor of 1746 and 2802912.
582
What is the greatest common factor of 52 and 109252?
52
What is the highest common factor of 1470 and 404740?
490
What is the highest common factor of 45782 and 22?
22
Calculate the highest common divisor of 119690 and 5.
5
Calculate the highest common divisor of 89760 and 1377.
51
Calculate the highest common factor of 25752 and 176712.
888
Calculate the greatest common divisor of 472 and 1194632.
472
What is the highest common factor of 22836 and 5536?
692
What is the highest common divisor of 189 and 1879353?
63
Calculate the greatest common factor of 7476 and 96.
12
Calculate the highest common divisor of 68302 and 11544.
962
What is the highest common divisor of 1638 and 33111?
117
What is the highest common divisor of 8 and 2594096?
8
What is the highest common divisor of 136 and 114342?
34
Calculate the greatest common divisor of 280 and 1200.
40
Calculate the greatest common divisor of 12376 and 18928.
728
Calculate the highest common divisor of 992 and 184.
8
What is the highest common factor of 204 and 161313?
51
Calculate the highest common factor of 12 and 40372.
4
What is the highest common divisor of 78247 and 169?
169
What is the greatest common divisor of 251392 and 24550?
982
What is the highest common divisor of 75558 and 5145?
147
What is the greatest common factor of 108 and 7284?
12
Calculate the greatest common factor of 264 and 498.
6
Calculate the highest common divisor of 18426 and 12948.
498
What is the highest common divisor of 179732 and 5764?
524
Calculate the highest common factor of 489769 and 148.
37
Calculate the highest common divisor of 46989 and 6.
3
What is the highest common factor of 10 and 169?
1
Calculate the highest common divisor of 1230 and 620166.
246
Calculate the highest common divisor of 34399 and 158571.
839
Calculate the greatest common factor of 900 and 77920.
20
Calculate the highest common divisor of 138984 and 96.
24
Calculate the greatest common divisor of 145 and 335.
5
Calculate the greatest common factor of 11 and 126137.
11
Calculate the highest common divisor of 2928 and 58992.
48
Calculate the highest common divisor of 114224 and 144.
16
Calculate the greatest common factor of 232 and 60668.
116
What is the highest common divisor of 447 and 321989?
149
Calculate the greatest common factor of 95114 and 2698.
38
What is the highest common factor of 62 and 95759?
31
What is the highest common divisor of 4766008 and 208?
104
What is the highest common factor of 6357 and 10062?
39
What is the highest common factor of 12 and 590772?
12
Calculate the greatest common factor of 3195 and 9088.
71
Calculate the highest common factor of 39386 and 44833.
419
What is the highest common factor of 13135337 and 2402?
1201
Calculate the highest common factor of 722707 and 41.
41
Calculate the greatest common divisor of 1655 and 115.
5
Calculate the highest common divisor of 1 and 845167.
1
What is the highest common factor of 190 and 48095?
5
What is the greatest common divisor of 66234 and 2926?
266
Calculate the greatest common factor of 1068 and 82770.
534
What is the highest common divisor of 6642 and 1148?
82
What is the greatest common divisor of 164864 and 17296?
368
What is the greatest common divisor of 4245010 and 88?
22
Calculate the greatest common factor of 7259 and 357.
119
Calculate the highest common divisor of 55027 and 49.
49
What is the greatest common factor of 138374 and 688?
86
What is the highest common factor of 160 and 26330?
10
Calculate the highest common factor of 649468 and 68.
68
Calculate the highest common divisor of 10578 and 258.
258
What is the highest common divisor of 212024 and 8?
8
What is the greatest common factor of 2860 and 100078?
22
What is the greatest common factor of 167651 and 88?
11
What is the highest common divisor of 32 and 4044?
4
What is the greatest common divisor of 996 and 228?
12
Calculate the greatest common divisor of 52532 and 1012.
92
Calculate the greatest common factor of 6 and 361818.
6
Calculate the greatest common divisor of 870 and 1566.
174
Calculate the highest common divisor of 390 and 93470.
130
Calculate the highest common divisor of 3 and 264445.
1
What is the greatest common divisor of 47650 and 150?
50
What is the highest common factor of 2121 and 903?
21
Calculate the highest common factor of 32776 and 6266.
482
Calculate the highest common divisor of 3332772 and 54.
54
What is the highest common factor of 72 and 129798?
18
Calculate the highest common factor of 68 and 1275.
17
Calculate the greatest common divisor of 21 and 109977.
21
Calculate the greatest common factor of 124 and 2049534.
62
What is the highest common factor of 403088 and 14?
14
What is the greatest common factor of 38141 and 26101?
43
Calculate the highest common divisor of 1850 and 83050.
50
Calculate the greatest common divisor of 21469 and 35.
7
What is the greatest common divisor of 51400 and 325?
25
What is the greatest common factor of 171063 and 6641?
229
What is the greatest common factor of 7315962 and 2286?
762
What is the highest common divisor of 145328 and 40?
8
What is the greatest common factor of 53744 and 144?
16
What is the highest common divisor of 34480 and 560?
80
What is the greatest common factor of 424 and 55756?
212
Calculate the greatest common factor of 108 and 1968.
12
What is the greatest common divisor of 40534 and 1781?
13
What is the highest common divisor of 206 and 4841?
103
Calculate the greatest common divisor of 474193 and 865.
173
Calculate the greatest common factor of 855452 and 962.
26
What is the greatest common divisor of 204893 and 234?
13
What is the highest common factor of 99851 and 1116?
31
Calculate the greatest common factor of 828688 and 1400.
56
What is the greatest common divisor of 1125 and 92625?
375
What is th